e (3 - 0 - 1) + 2. What is t(f)?
12
Let p be (-2)/(-8) - (-60)/80. Suppose 2 = -5*d + 2*b, d + d + b = p. Let a(s) = s**3 + s - 8. Give a(d).
-8
Let a(z) = -z + 2. Suppose -l + 10 = -2*j, l + 31*j = 34*j + 15. Give a(l).
2
Let s(i) = 8*i - 1. Let r(x) be the second derivative of x**4/12 - x**3/6 - 21*x. Let p be r(2). Calculate s(p).
15
Let j = 6 - 2. Let z(o) = 0*o**3 - 4*o**2 + 2*o**3 - o + j - 3*o**3 - o**2. What is z(-4)?
-8
Let w(z) be the first derivative of -z**4/12 - z**3/2 - 13*z**2/2 + 2. Let i(t) be the second derivative of w(t). Determine i(-4).
5
Let i(c) be the first derivative of -c**4 - c**2 + c + 193. Calculate i(1).
-5
Let c(u) = u**2 - 14*u - 10. Let b(p) = p**2 - 15*p - 11. Suppose 84 = -10*l - 2*l. Let o(m) = l*c(m) + 6*b(m). What is o(5)?
19
Let l(n) be the second derivative of n**6/45 - 6*n**3 - 21*n. Let c(f) be the second derivative of l(f). What is c(-1)?
8
Let n(a) = a**2 + a - 5. Suppose 2*d - 2 = -3*c, -2*d - 4 = -6. Calculate n(c).
-5
Let o(i) be the third derivative of i**6/120 + i**5/30 - 5*i**4/24 + 5*i**3/6 - 262*i**2 - 2*i. Give o(-5).
-45
Let z(s) = -s**3 + 3*s**2 + 6*s - 3. Let f = 20 + -16. Let t be z(f). Suppose -o - 4 = 4*x, -t*x = -0*o - o - 4. Let p(j) = -j**2 + j - 1. Calculate p(x).
-1
Let d = -51 - -52. Let i(q) = 10*q + d - 13*q + 5*q. Give i(-1).
-1
Suppose 3*s = -3 - 3. Let a(i) = -1937167*i - 3*i**2 + 1937167*i. Determine a(s).
-12
Suppose d = -4*u + 6 + 10, 0 = 5*u - d - 11. Let x(s) = 0 + 2*s**3 + 4*s**2 + u - s**3 - 2*s - 9. Let q(j) = j**3 - j**2 + j - 4. Let t be q(0). What is x(t)?
2
Let a(f) = -3*f - 18. Let q be a(-8). Let m(k) = 2*k + 3*k**2 - 12 - q*k**2 - 8*k**2 + 3*k**2 + k**3. Give m(8).
4
Let y(j) = 29 + 0*j - 59 + 31 + 0*j + 8*j. Give y(2).
17
Suppose 4*z - 9*z = 0. Let p(j) = -j**2 + 2. Let x be p(z). Let s(t) = -2*t**3 + 3*t**3 + 5 + 7*t**x - 5 + 5*t. Calculate s(-6).
6
Let z(d) = d**2 + 5*d - 14. Let w be z(-7). Let x be (9 - 2 - w) + -2. Suppose -t = t - 4*h + 18, -3*t - 25 = -x*h. Let l(k) = -k**2 - 6*k + 3. Give l(t).
8
Let b(n) = -3*n + 5. Suppose -9 + 21 = 4*x. Let s(t) = -7*t + 8. Let a(l) = x*s(l) - 5*b(l). Give a(-1).
5
Let s(h) be the first derivative of -2 - 1/2*h**2 + 9*h. Give s(5).
4
Let m(q) = q**3 - 2*q - 1. Let n(h) = h**2 + h + 1. Let r(p) = -m(p) - 2*n(p). Suppose -j = -7*j - 12. Determine r(j).
-1
Let r(z) = z**3 + 3*z**2 - 3*z - 6. Let a be r(-3). Let c(d) = -d + 2 - d**2 - 3 - d - 9*d**a + 3*d. Determine c(1).
-10
Let u = -1120 - -1116. Let l(f) = f**3 + 6*f**2 + 2*f - 3. What is l(u)?
21
Suppose a = -4*a + 30. Let f(b) = -6*b + b**2 - 6 + 3*b - b. Give f(a).
6
Suppose -4*u - a - 17 = 2*a, 6 = -2*a. Let i(r) be the third derivative of -1/15*r**5 + 0 + 4*r**2 - 1/24*r**4 - 1/120*r**6 + 1/3*r**3 + 0*r. What is i(u)?
-4
Suppose 4*j = -0*j. Let a(u) = 3*u**3 + 5*u**2 + u - 2*u**3 + j*u**3 - 7. Let v = 168 + -173. What is a(v)?
-12
Let f(u) be the second derivative of u**7/2520 - u**6/720 - u**5/24 + u**4/4 + 13*u. Let v(d) be the third derivative of f(d). Calculate v(4).
7
Let w be 6/(-8) + 2/(-8). Let j(i) = 3*i - 3. Let h(u) = -5*u + 7. Let b(t) = -2*h(t) - 5*j(t). What is b(w)?
6
Let z(p) = -4*p**2 - p. Let f be z(-1). Let k(a) = -1 - 27*a + 13*a + 17*a. Give k(f).
-10
Let n = 250 - 149. Let c(k) = n + 10*k + 90 - 186 + k**2. Calculate c(-10).
5
Let c(h) = 0 + 1 + 34*h**2 - 38*h**2. Let n(p) = -p**3 + p**2. Let s(o) = c(o) + 4*n(o). Give s(-1).
5
Let n(z) be the third derivative of -z**4/8 - 9*z**3/2 - 2*z**2. What is n(-11)?
6
Let r(m) = -m**3 + 6*m**2 + 10*m - 5. Let b = -27 + 29. Let a = 9 - b. Give r(a).
16
Let r(q) = -76*q + 3 + 27*q + 2*q**2 + 25*q + 3 + 26*q. Determine r(-4).
30
Let p(r) = 5*r**3 + 2*r**2 - 11*r + 4. Let n(o) = -4*o**3 - 2*o**2 + 9*o - 3. Let y(l) = -6*n(l) - 5*p(l). Calculate y(3).
-8
Let l(i) = -9*i - 1. Suppose 27 = 7*o - 10*o. Let k(w) be the first derivative of -w**3/3 - 9*w**2/2 - w - 2. Let t be k(o). Calculate l(t).
8
Let b(r) = 0*r + 529 - r - 533. What is b(-11)?
7
Let j(s) = -11*s - 1. Let a be 0/10 + (-2)/(-1). Suppose -a*y + 3 = -3. Suppose 1 = y*g - 2*g. Calculate j(g).
-12
Let p(k) = 3*k + 6. Let a = 44 - 48. What is p(a)?
-6
Let r = -327 + 324. Let k(x) be the first derivative of x**4/4 + 4*x**3/3 + 3*x**2/2 + 4*x + 1. Give k(r).
4
Let t(s) = s**3 - s**2 - 4*s. Let o(u) = 3*u**3 + 8*u**2 - 15*u - 7. Let k(r) = o(r) - 4*t(r). Give k(12).
5
Let z(q) = 2*q - 2 + 2*q**3 - 3*q**3 - 7*q**2 - 9*q + 10*q + 4*q. Calculate z(-8).
6
Let k(p) = -7. Let b(o) = 11. Let a(s) = 5*b(s) + 8*k(s). Let u(x) = 4*x - 4. Let d(r) = -a(r) - u(r). Calculate d(4).
-11
Let g(t) = 2*t**3 - t**2 + t + 3. Let v(r) = r**3 + r**2 - r. Let z(y) = -g(y) + v(y). Suppose -5*o = 2*x - 9 - 12, 12 = 4*x. What is z(o)?
-18
Let w(c) = -c**3 + c**2 + 41*c + 5. Let n be w(7). Let s(a) = 5*a**3 + 3*a**2 + 5*a + 4. Give s(n).
-34
Let u(b) = -63*b + 61*b - 3 + 7 + 1. Give u(0).
5
Let g be 3/(-6)*4/(-2). Let l(o) = 2 + g - o + 2. Suppose 0 = -23*i + 53 + 39. What is l(i)?
1
Let c(a) = -a**2 - 20*a - 22. Let n = -1544 - -1525. Give c(n).
-3
Let c = -11 - 9. Let o be (-1)/(4 + 76/c). Let k(g) be the second derivative of -g**3/6 - 7*g**2/2 - 3*g. Determine k(o).
-2
Let a(z) = -z**2 - z + 1. Let i(q) = -4*q**2 - 4*q + 23. Let s(u) = -5*a(u) + i(u). Let w(l) be the first derivative of s(l). What is w(1)?
3
Let s be 2 + (2 - -4) + 2. Let c(z) = -15*z + 24*z - s*z + 4. Determine c(6).
-2
Let d = 5 + -3. Let k(h) = -2*h - 10 + 8*h + 0 + h**d. Let c = -167 + 159. Calculate k(c).
6
Let w(t) be the second derivative of t**4/12 + 11*t**3/6 + 13*t**2/2 + 683*t. Calculate w(-2).
-5
Let l(d) be the second derivative of -d**5/10 - d**4/12 + d**3/6 + d**2/2 - d. Let r(j) = -j**2 - 1. Let a(n) = -l(n) - r(n). Let b = -45 - -46. Give a(b).
3
Suppose 5*m = -4*p - 44, 3*p + 16 = 5*m - 17. Let s(l) = -6*l - 15. Let o(k) = -k. Let a(g) = 5*o(g) - s(g). Determine a(p).
4
Suppose -3*v + 6 = 0, -v + 2*v - 7 = -m. Let z(b) be the third derivative of -1/6*b**4 + 3*b**2 + 0 + 0*b + 1/60*b**m - 1/3*b**3. What is z(4)?
-2
Let r(z) = z**3 - 4*z**2 + 6. Suppose 14*u = 5*x + 19*u - 35, -25 = -4*x - 3*u. Calculate r(x).
6
Suppose 0 = 2*w - 0*w. Suppose -12*m - 14 - 34 = w. Let l(j) = -4*j + 3 + 2*j**2 + j**3 + 0*j**3 - j. Calculate l(m).
-9
Suppose 0 = 7*w - 66 - 60. Let i = 19 - w. Let z(h) = 3*h**3. Give z(i).
3
Let o(w) = -w + 4*w + w**2 + w - 5*w. Let x be (8/(-10))/((-14)/(-35)). What is o(x)?
6
Let z(i) be the second derivative of i**4/12 + i**3 - 5*i**2/2 + 50*i + 2. What is z(-7)?
2
Let p(g) = -g. Suppose -2*h - 2*h - 2*y = -34, 5*h - 47 = -4*y. Suppose -h = 5*c + 4*n + 15, -c = -5*n - 13. Let s be -20 + 16 - 0/c. Determine p(s).
4
Let s(a) = a**3 + 6*a**2 + 6*a - 2. Suppose 3 = -2*w + 7. Suppose -2*c = y + 9, -11 = 3*c + 6*y - w*y. Give s(c).
-7
Let u(t) = t**3 - t**2 - 10. Let c(p) = 3*p - 31. Let v(i) = -i + 10. Let q(z) = -2*c(z) - 7*v(z). Let a be q(8). Calculate u(a).
-10
Let u(a) = -a**3 - 7*a**2 - 8*a - 9. Let f(i) = 2*i + 67. Let l be f(-15). Suppose 2*g = 25 - l. What is u(g)?
3
Let i(r) = -r**3 + 3*r - 3. Let n(f) = f**3 + 4*f**2 - 2*f - 11. Let v be n(-4). Determine i(v).
15
Let d(t) = -t**2 - 8*t + 5. Let a(f) = -f. Let l(j) = -4*a(j) + d(j). Determine l(-5).
0
Let s = -494 - -496. Let z(y) = 2*y**2 - 2*y - 2. What is z(s)?
2
Let f(w) = -3*w - 12. Let g(r) = 6*r + 23. Let b be (-21)/(-6)*(-2)/(-1)*1. Let d(a) = b*f(a) + 4*g(a). What is d(-6)?
-10
Let p(g) = g**3 - 7*g**2 + 12*g - 3. Let i be ((-8)/(-6))/(-3*(-8)/90). Give p(i).
7
Let f(r) = r - 10. Let x be (-3 + 23)*(3 + -4). Let j = x + 25. What is f(j)?
-5
Let h(m) = 11*m**2 - 16*m + 9. Let x(w) = 4*w**2 - 5*w + 3. Let i(s) = 3*h(s) - 8*x(s). Suppose a + 23 = 4*b, -4*a = -78 + 90. What is i(b)?
-12
Let z(s) = -2*s + 4*s - s + 1 - 5. Let m be z(8). Suppose -3*p + d + 12 = 0, -3 = -2*p - p + m*d. Let v(h) = -h**2 + 4*h + 6. Calculate v(p).
1
Let f(k) = -k. Let l be f(-5). Suppose 0 = 2*x + 4*u + u + 3, l*u = 5*x - 45. Let j(q) = -q - 6. Let r(s) = s + 1. Let b(a) = -j(a) - 3*r(a). Give b(x).
-9
Let j(l) = l**3 - 18*l**2 + 18*l - 19. Let p be j(17). Let r(v) = -3*v + 39 - 74 + v**3 + 32 + 2*v**2. What is r(p)?
3
Let o(x) be the third derivative of -x**5/10 + x**4/24 + 2*x**2 - 22*x. Determine o(-1).
-7
Suppose 8 - 16 = -4*f